{"id":58246,"date":"2025-12-12T15:52:11","date_gmt":"2025-12-12T18:52:11","guid":{"rendered":"https:\/\/institutopsicanalise-mg.com.br\/revista_almanaque\/?page_id=58246"},"modified":"2025-12-14T06:47:20","modified_gmt":"2025-12-14T09:47:20","slug":"normas-de-publicacao","status":"publish","type":"page","link":"https:\/\/institutopsicanalise-mg.com.br\/revista_almanaque\/index.php\/normas-de-publicacao\/","title":{"rendered":"NORMAS DE PUBLICA\u00c7\u00c3O"},"content":{"rendered":"<div class=\"wpb-content-wrapper\"><p>[vc_row bg_type=&#8221;image&#8221; parallax_style=&#8221;vcpb-vz-jquery&#8221; bg_image_new=&#8221;id^58475|url^https:\/\/institutopsicanalise-mg.com.br\/revista_almanaque\/wp-content\/uploads\/2025\/12\/letter_texture007.png|caption^null|alt^null|title^letter_texture007|description^null&#8221; bg_image_repeat=&#8221;no-repeat&#8221; bg_override=&#8221;full&#8221; enable_overlay=&#8221;enable_overlay_value&#8221; overlay_color=&#8221;#FFFFFF00&#8243; overlay_pattern=&#8221;transperant&#8221; overlay_pattern_opacity=&#8221;25&#8243; type=&#8221;vc_default&#8221; margin_top=&#8221;-50&#8243; css=&#8221;.vc_custom_1765705632415{margin-top: -80px !important;padding-top: 8% !important;padding-bottom: 8% !important;background-color: #000000 !important;}&#8221;][vc_column offset=&#8221;vc_col-lg-12 vc_col-md-12&#8243; css=&#8221;.vc_custom_1476030031960{padding-bottom: 10px !important;}&#8221;]<style type=\"text\/css\" data-type=\"the7_shortcodes-inline-css\">.dt-shortcode-icon.icon-c836491df84dcad149862cc3e63fb5a2 {\n  min-width: 64px;\n  min-height: 64px;\n  font-size: 64px;\n  border-radius: 100px;\n}\n.dt-shortcode-icon.icon-c836491df84dcad149862cc3e63fb5a2:last-child {\n  margin-right: 0;\n}\n.dt-shortcode-icon.icon-c836491df84dcad149862cc3e63fb5a2 .icon-inner {\n  margin: 0px;\n  min-width: 64px;\n  min-height: 64px;\n  border-radius: 100px;\n}\n.dt-shortcode-icon.icon-c836491df84dcad149862cc3e63fb5a2 .dt-hover-icon {\n  line-height: 64px;\n}\n.dt-shortcode-icon.icon-c836491df84dcad149862cc3e63fb5a2:before,\n.dt-shortcode-icon.icon-c836491df84dcad149862cc3e63fb5a2:after,\n.dt-shortcode-icon.icon-c836491df84dcad149862cc3e63fb5a2 .icon-inner:before,\n.dt-shortcode-icon.icon-c836491df84dcad149862cc3e63fb5a2 .icon-inner:after {\n  min-width: 100%;\n  min-height: 100%;\n  padding: inherit;\n  border-radius: inherit;\n}\n.dt-shortcode-icon.icon-c836491df84dcad149862cc3e63fb5a2.dt-icon-border-on:before {\n  border-width: 0px;\n  border-style: solid;\n}\n.dt-icon-border-dashed.dt-shortcode-icon.icon-c836491df84dcad149862cc3e63fb5a2.dt-icon-border-on:before {\n  border-style: dashed;\n}\n.dt-icon-border-dotted.dt-shortcode-icon.icon-c836491df84dcad149862cc3e63fb5a2.dt-icon-border-on:before {\n  border-style: dotted;\n}\n.dt-icon-border-double.dt-shortcode-icon.icon-c836491df84dcad149862cc3e63fb5a2.dt-icon-border-on:before {\n  border-style: double;\n}\n.dt-shortcode-icon.icon-c836491df84dcad149862cc3e63fb5a2.dt-icon-hover-border-on:after {\n  border-width: 0px;\n  border-style: solid;\n}\n.dt-icon-border-dashed.dt-shortcode-icon.icon-c836491df84dcad149862cc3e63fb5a2.dt-icon-hover-border-on:after {\n  border-style: dashed;\n}\n.dt-icon-border-dotted.dt-shortcode-icon.icon-c836491df84dcad149862cc3e63fb5a2.dt-icon-hover-border-on:after {\n  border-style: dotted;\n}\n.dt-icon-border-double.dt-shortcode-icon.icon-c836491df84dcad149862cc3e63fb5a2.dt-icon-hover-border-on:after {\n  border-style: double;\n}\n.dt-shortcode-icon.icon-c836491df84dcad149862cc3e63fb5a2.dt-icon-hover-on:hover {\n  font-size: 64px;\n}\n#page .dt-shortcode-icon.icon-c836491df84dcad149862cc3e63fb5a2.dt-icon-hover-on:hover .soc-font-icon,\n#phantom .dt-shortcode-icon.icon-c836491df84dcad149862cc3e63fb5a2.dt-icon-hover-on:hover .soc-font-icon,\n#page .dt-shortcode-icon.icon-c836491df84dcad149862cc3e63fb5a2.dt-icon-hover-on:hover .soc-icon,\n#phantom .dt-shortcode-icon.icon-c836491df84dcad149862cc3e63fb5a2.dt-icon-hover-on:hover .soc-icon {\n  color: #002C3F;\n  background: none;\n}\n#page .dt-shortcode-icon.icon-c836491df84dcad149862cc3e63fb5a2.dt-icon-hover-on:not(:hover) .soc-font-icon,\n#phantom .dt-shortcode-icon.icon-c836491df84dcad149862cc3e63fb5a2.dt-icon-hover-on:not(:hover) .soc-font-icon,\n#page .dt-shortcode-icon.icon-c836491df84dcad149862cc3e63fb5a2.dt-icon-hover-on:not(:hover) .soc-icon,\n#phantom .dt-shortcode-icon.icon-c836491df84dcad149862cc3e63fb5a2.dt-icon-hover-on:not(:hover) .soc-icon,\n#page .dt-shortcode-icon.icon-c836491df84dcad149862cc3e63fb5a2.dt-icon-hover-off .soc-font-icon,\n#phantom .dt-shortcode-icon.icon-c836491df84dcad149862cc3e63fb5a2.dt-icon-hover-off .soc-font-icon,\n#page .dt-shortcode-icon.icon-c836491df84dcad149862cc3e63fb5a2.dt-icon-hover-off .soc-icon,\n#phantom .dt-shortcode-icon.icon-c836491df84dcad149862cc3e63fb5a2.dt-icon-hover-off .soc-icon {\n  color: #002C3F;\n  background: none;\n}\n.dt-shortcode-icon.icon-c836491df84dcad149862cc3e63fb5a2 .soc-font-icon,\n.dt-shortcode-icon.icon-c836491df84dcad149862cc3e63fb5a2 .soc-icon {\n  font-size: 64px;\n}<\/style><div class=\"dt-shortcode-icon-wrap dt-icon-center \"><span  class=\"anchor-link fab fa-autoprefixer icon-c836491df84dcad149862cc3e63fb5a2 dt-shortcode-icon dt-icon-bg-off dt-icon-hover-on dt-icon-hover-bg-off dt-icon-animate-scale  vc_custom_1765705321804 \" ><span class=\"icon-inner\"><i class=\"dt-regular-icon soc-icon fab fa-autoprefixer\"><\/i><i class=\"dt-hover-icon soc-icon fab fa-autoprefixer\"><\/i><span class=\"screen-reader-text\"><\/span><\/span><\/span><\/div><div id=\"ultimate-heading-991069e488137048e\" class=\"uvc-heading ult-adjust-bottom-margin ultimate-heading-991069e488137048e uvc-3930 \" data-hspacer=\"no_spacer\"  data-halign=\"center\" style=\"text-align:center\"><div class=\"uvc-heading-spacer no_spacer\" style=\"top\"><\/div><div class=\"uvc-main-heading ult-responsive\"  data-ultimate-target='.uvc-heading.ultimate-heading-991069e488137048e h3'  data-responsive-json-new='{\"font-size\":\"desktop:34px;mobile_landscape:20px;mobile:18px;\",\"line-height\":\"desktop:37px;mobile_landscape:30px;mobile:28px;\"}' ><h3 style=\"--font-weight:theme;color:#002C3F;margin-bottom:10px;\">NORMAS DE PUBLICA\u00c7\u00c3O<\/h3><\/div><\/div>[\/vc_column][\/vc_row][vc_row][vc_column][vc_column_text]<\/p>\r\n<p class=\"wp-block-heading\" style=\"text-align: justify;\"><strong>ISSN 1982-5617<\/strong><\/p>\r\n<hr \/>\r\n<p>&nbsp;<\/p>\r\n\r\n<ol class=\"wp-block-list\" style=\"text-align: justify;\">\r\n<li style=\"list-style-type: none;\">\r\n<ol class=\"wp-block-list\" style=\"text-align: justify;\">\r\n<li><strong>Apresenta\u00e7\u00e3o<\/strong><\/li>\r\n<\/ol>\r\n<\/li>\r\n<\/ol>\r\n\r\n<p>&nbsp;<\/p>\r\n\r\n<p style=\"text-align: justify;\">A revista\u00a0<em>Almanaque\u00a0On-line<\/em>\u00a0\u00e9 uma publica\u00e7\u00e3o do Instituto de Psican\u00e1lise e Sa\u00fade Mental de Minas Gerais (IPSM-MG). Publicamos artigos nacionais e estrangeiros, tais como: relatos de pesquisa em psican\u00e1lise aplicada; trabalhos de elucida\u00e7\u00e3o cl\u00ednico-conceitual relacionados \u00e0 obra de Freud, ao ensino de Lacan e seus desdobramentos no \u00e2mbito da hist\u00f3ria da psican\u00e1lise; textos produzidos por inscritos no Curso de Psican\u00e1lise ou nos N\u00facleos de Pesquisa deste Instituto; entrevistas; resenhas e artigos relativos \u00e0 teoria, \u00e0 cl\u00ednica e \u00e0 pol\u00edtica de orienta\u00e7\u00e3o lacaniana.<\/p>\r\n\r\n<p>&nbsp;<\/p>\r\n\r\n<ol class=\"wp-block-list\" style=\"text-align: justify;\" start=\"2\">\r\n<li style=\"list-style-type: none;\">\r\n<ol class=\"wp-block-list\" style=\"text-align: justify;\" start=\"2\">\r\n<li><strong>Crit\u00e9rios para publica\u00e7\u00e3o de contribui\u00e7\u00f5es<\/strong><\/li>\r\n<\/ol>\r\n<\/li>\r\n<\/ol>\r\n\r\n<p>&nbsp;<\/p>\r\n\r\n<p style=\"text-align: justify;\">Os artigos, ensaios e resenhas destinados \u00e0\u00a0<em>Almanaque\u00a0On-line<\/em>\u00a0dever\u00e3o ser in\u00e9ditos, em l\u00edngua portuguesa e poder\u00e3o ser apreciados pelo Conselho Editorial, segundo o rigor epistemol\u00f3gico, a pertin\u00eancia cl\u00ednica e a relev\u00e2ncia pol\u00edtica para o ensino e a transmiss\u00e3o da psican\u00e1lise no IPSM-MG.<\/p>\r\n\r\n<p>&nbsp;<\/p>\r\n\r\n<p style=\"text-align: justify;\">Caso sejam recomendadas modifica\u00e7\u00f5es no texto, o autor ser\u00e1 notificado e encarregado de providenci\u00e1-las, devolvendo o trabalho reformulado no prazo m\u00e1ximo de trinta dias.<\/p>\r\n\r\n<p>&nbsp;<\/p>\r\n\r\n<p style=\"text-align: justify;\">As informa\u00e7\u00f5es contidas nos textos publicados na\u00a0<em>Almanaque\u00a0On-line<\/em>\u00a0s\u00e3o de inteira responsabilidade dos autores.<\/p>\r\n\r\n<p>&nbsp;<\/p>\r\n\r\n<ol class=\"wp-block-list\" style=\"text-align: justify;\" start=\"3\">\r\n<li style=\"list-style-type: none;\">\r\n<ol class=\"wp-block-list\" style=\"text-align: justify;\" start=\"3\">\r\n<li><strong>Ineditismo do material<\/strong><\/li>\r\n<\/ol>\r\n<\/li>\r\n<\/ol>\r\n\r\n<p>&nbsp;<\/p>\r\n\r\n<p style=\"text-align: justify;\">A inclus\u00e3o do artigo na revista implica a cess\u00e3o imediata e sem \u00f4nus dos direitos de publica\u00e7\u00e3o na\u00a0<em>Almanaque\u00a0On-line<\/em>, que ter\u00e1 exclusividade de public\u00e1-las em primeira m\u00e3o. O autor continuar\u00e1 a deter os direitos autorais para publica\u00e7\u00f5es posteriores.<\/p>\r\n\r\n<p>&nbsp;<\/p>\r\n\r\n<ol class=\"wp-block-list\" style=\"text-align: justify;\" start=\"4\">\r\n<li style=\"list-style-type: none;\">\r\n<ol class=\"wp-block-list\" style=\"text-align: justify;\" start=\"4\">\r\n<li><strong>Envio do material<\/strong><\/li>\r\n<\/ol>\r\n<\/li>\r\n<\/ol>\r\n\r\n<p>&nbsp;<\/p>\r\n\r\n<p style=\"text-align: justify;\">O autor dever\u00e1 enviar o trabalho para o seguinte e-mail:\u00a0<a href=\"mailto:ipsmmg@institutopsicanalise-mg.com.br\">ipsmmg@institutopsicanalise-mg.com.br<\/a>, assunto:\u00a0<em>Almanaque\u00a0On-line<\/em>.<\/p>\r\n\r\n<p>&nbsp;<\/p>\r\n\r\n<p style=\"text-align: justify;\">Elementos pr\u00e9-textuais: t\u00edtulo do trabalho em portugu\u00eas, nome do autor, cr\u00e9ditos acad\u00eamicos e profissionais e e-mail do autor.<\/p>\r\n\r\n<p>&nbsp;<\/p>\r\n\r\n<p style=\"text-align: justify;\">Texto: dever\u00e1 ter no m\u00e1ximo 6.000 caracteres com espa\u00e7os, em fonte Times New Roman, tamanho 12, espa\u00e7o 1,5.<\/p>\r\n\r\n<p>&nbsp;<\/p>\r\n\r\n<p style=\"text-align: justify;\">Observa\u00e7\u00e3o: as refer\u00eancias bibliogr\u00e1ficas e notas dever\u00e3o ser colocadas ao final do texto e reduzir-se ao m\u00ednimo indispens\u00e1vel.<\/p>\r\n\r\n<p>&nbsp;<\/p>\r\n\r\n<p style=\"text-align: justify;\">Notas: dever\u00e3o ser colocadas ao final do texto e reduzir-se ao m\u00ednimo indispens\u00e1vel.<\/p>\r\n\r\n<p>&nbsp;<\/p>\r\n\r\n<ol class=\"wp-block-list\" style=\"text-align: justify;\" start=\"5\">\r\n<li style=\"list-style-type: none;\">\r\n<ol class=\"wp-block-list\" style=\"text-align: justify;\" start=\"5\">\r\n<li><strong>Cita\u00e7\u00f5es<\/strong><\/li>\r\n<\/ol>\r\n<\/li>\r\n<\/ol>\r\n\r\n<p>&nbsp;<\/p>\r\n\r\n<p style=\"text-align: justify;\"><strong>\u00a0<\/strong><strong>Cita\u00e7\u00e3o indireta<\/strong>: devem ser colocadas sem aspas, indicando o nome do autor e o ano da obra.<\/p>\r\n\r\n<p>&nbsp;<\/p>\r\n\r\n<p style=\"text-align: justify;\">Exemplos:<\/p>\r\n\r\n<p>&nbsp;<\/p>\r\n\r\n<p style=\"text-align: justify;\">Gustavo Dessal (2020) comentou que, diferentemente da ci\u00eancia, que postula os par\u00e2metros do sujeito universal, as tecnologias est\u00e3o interessadas nas individualidades.<\/p>\r\n\r\n<p>&nbsp;<\/p>\r\n\r\n<p style=\"text-align: justify;\">O inconsciente interpreta porque o inconsciente \u00e9 essa parte do sintoma que responde e isso permite a dial\u00e9tica cifra\u00e7\u00e3o-decifra\u00e7\u00e3o (LACAN, 1975-76\/2007).<\/p>\r\n\r\n<p>&nbsp;<\/p>\r\n\r\n<p style=\"text-align: justify;\"><strong>Cita\u00e7\u00e3o direta at\u00e9 3 linhas<\/strong>: devem ser inseridas no texto entre aspas, sem altera\u00e7\u00f5es do tipo de letra, devendo incluir a p\u00e1gina.<\/p>\r\n\r\n<p>&nbsp;<\/p>\r\n\r\n<p style=\"text-align: justify;\">Exemplo:<\/p>\r\n\r\n<p>&nbsp;<\/p>\r\n\r\n<p style=\"text-align: justify;\">Freud (1892\/1996, p. 216) afirma que \u201ctransforma-se em trauma ps\u00edquico toda impress\u00e3o que o sistema nervoso tem dificuldades em abolir por meio do pensar associativo ou da rea\u00e7\u00e3o motora\u201d.<\/p>\r\n\r\n<p>&nbsp;<\/p>\r\n\r\n<p style=\"text-align: justify;\"><strong>Cita\u00e7\u00e3o direta com mais de tr\u00eas linhas<\/strong>: devem ser colocadas em par\u00e1grafo diferenciado, alinhadas e com recuo de quatro cent\u00edmetros \u00e0 esquerda, sem aspas, em fonte 10, devendo incluir a p\u00e1gina.<\/p>\r\n\r\n<p>&nbsp;<\/p>\r\n\r\n<p style=\"text-align: justify;\">Exemplo:<\/p>\r\n\r\n<p>&nbsp;<\/p>\r\n\r\n<p style=\"text-align: justify;\">O desenvolvimento do eu consiste num afastamento do narcisismo prim\u00e1rio e d\u00e1 margem a uma vigorosa tentativa de recupera\u00e7\u00e3o desse estado. Esse afastamento \u00e9 ocasionado pelo deslocamento da libido em dire\u00e7\u00e3o a um ideal do eu imposto de fora, sendo a satisfa\u00e7\u00e3o provocada pela realiza\u00e7\u00e3o desse ideal. (FREUD, 1914\/1996, p. 117)<\/p>\r\n\r\n<p>&nbsp;<\/p>\r\n\r\n<p style=\"text-align: justify;\"><strong>Cita\u00e7\u00e3o de cita\u00e7\u00e3o<\/strong>: deve ser utilizada somente quando n\u00e3o \u00e9 poss\u00edvel ter acesso \u00e0 obra original. A indica\u00e7\u00e3o do autor e ano originais deve ser seguida da express\u00e3o em it\u00e1lico\u00a0<em>apud<\/em>\u00a0(\u201ccitado por\u201d) e da indica\u00e7\u00e3o do autor e ano (a p\u00e1gina, quando cita\u00e7\u00e3o direta) da fonte consultada. Ambas as fontes, a original e a consultada, devem constar na lista de refer\u00eancias ao final.<\/p>\r\n\r\n<p>&nbsp;<\/p>\r\n\r\n<p style=\"text-align: justify;\">Exemplos:<\/p>\r\n\r\n<p>&nbsp;<\/p>\r\n\r\n<p style=\"text-align: justify;\">Em suas \u00faltimas elabora\u00e7\u00f5es, Lacan (1973-74\u00a0<em>apud<\/em>\u00a0COSENZA, 2018) muda a maneira de conceptualizar a rela\u00e7\u00e3o da anor\u00e9xica com o saber.<\/p>\r\n\r\n<p>&nbsp;<\/p>\r\n\r\n<p style=\"text-align: justify;\">\u201cPor que n\u00e3o se inventaria um significante novo? Nossos significantes s\u00e3o sempre recebidos.\u201d (LACAN, 1979\u00a0<em>apud<\/em>\u00a0LAURENT, 2020, p. 184)<\/p>\r\n\r\n<p>&nbsp;<\/p>\r\n\r\n<p style=\"text-align: justify;\"><strong>Cita\u00e7\u00e3o direta de original em l\u00edngua estrangeira traduzido para o portugu\u00eas<\/strong>: deve ser identificada como tal, incluindo, ap\u00f3s a cita\u00e7\u00e3o, a seguinte express\u00e3o: tradu\u00e7\u00e3o nossa. Recomenda-se citar o trecho do original em l\u00edngua estrangeira em rodap\u00e9.<\/p>\r\n\r\n<p>&nbsp;<\/p>\r\n\r\n<p style=\"text-align: justify;\">Exemplo:<\/p>\r\n\r\n<p>&nbsp;<\/p>\r\n\r\n<p style=\"text-align: justify;\">\u201cA orienta\u00e7\u00e3o para o singular \u2013 ele continua \u2013 n\u00e3o quer dizer que n\u00e3o decifremos o inconsciente. Ela quer dizer que essa explora\u00e7\u00e3o encontra necessariamente um obst\u00e1culo, que a decifra\u00e7\u00e3o se interrompe no fora de sentido do gozo\u201d (MILLER, 2009, p. 78, tradu\u00e7\u00e3o nossa).<\/p>\r\n\r\n<p>&nbsp;<\/p>\r\n\r\n<p style=\"text-align: justify;\"><strong>Cita\u00e7\u00f5es diretas de publica\u00e7\u00f5es eletr\u00f4nicas com pagina\u00e7\u00e3o ausente<\/strong>: ap\u00f3s o nome do autor e o ano, deve-se colocar: n.p. (\u201cn\u00e3o paginado\u201d).<\/p>\r\n\r\n<p>&nbsp;<\/p>\r\n\r\n<p style=\"text-align: justify;\">Exemplo:<\/p>\r\n\r\n<p>&nbsp;<\/p>\r\n\r\n<p style=\"text-align: justify;\">\u201cSupomos que existam sintomas cuja causa \u00e9 propriamente um enunciado, que subsiste no sujeito sem que possar ser por ele formulado\u201d (MILLER, 2023, n.p.).<\/p>\r\n\r\n<p>&nbsp;<\/p>\r\n\r\n<p style=\"text-align: justify;\"><strong>Outras orienta\u00e7\u00f5es:<\/strong><\/p>\r\n\r\n<p>&nbsp;<\/p>\r\n\r\n<ol class=\"wp-block-list\" style=\"text-align: justify;\">\r\n<li style=\"list-style-type: none;\">\r\n<ol class=\"wp-block-list\" style=\"text-align: justify;\">\r\n<li>No caso de dois ou tr\u00eas autores, citar todos os nomes.<br \/>Exemplos: Miller e Laurent (1997) ou (MILLER; LAURENT, 1997)<\/li>\r\n\r\n\r\n\r\n<li>No caso mais de tr\u00eas autores, somente o primeiro dever\u00e1 ser citado, com a indica\u00e7\u00e3o et al (\u201ce outros\u201d):<br \/>Exemplos: Miller et al (1997) ou (MILLER et al, 1997)<\/li>\r\n\r\n\r\n\r\n<li>No caso de haver coincid\u00eancia de datas de um texto ou obra, distinguir com letras, respeitando a ordem de entrada no artigo.<br \/>Exemplo: Freud (1916-17\/1976a, 1916-17\/1976b) ou (FREUD, 1916-17\/1976a, 1916-17\/1976b)<\/li>\r\n\r\n\r\n\r\n<li>No caso de compila\u00e7\u00e3o de textos de um mesmo autor em uma obra, colocar o ano do texto citado seguido do ano da edi\u00e7\u00e3o da obra utilizada, bem como da p\u00e1gina, se houver.<br \/>Exemplos: Lacan (1965\/1996, p. 864) ou (LACAN, 1965\/1996, p. 864)<\/li>\r\n\r\n\r\n\r\n<li><strong>Refer\u00eancias<\/strong><\/li>\r\n<\/ol>\r\n<\/li>\r\n<\/ol>\r\n\r\n<p>&nbsp;<\/p>\r\n\r\n<p style=\"text-align: justify;\">Devem ser colocadas ao final do texto, em ordem alfab\u00e9tica pelo \u00faltimo nome do autor, em espa\u00e7o simples.<\/p>\r\n\r\n<p>&nbsp;<\/p>\r\n\r\n<p style=\"text-align: justify;\"><strong>Obra completa<\/strong><\/p>\r\n\r\n<p>&nbsp;<\/p>\r\n\r\n<p style=\"text-align: justify;\"><strong>Um autor:<\/strong><\/p>\r\n\r\n<p>&nbsp;<\/p>\r\n\r\n<p style=\"text-align: justify;\">Sobrenome em caixa alta, iniciais do autor. T\u00edtulo em it\u00e1lico: subt\u00edtulo (se houver). Indica\u00e7\u00e3o de tradutor (se houver). Cidade: Editora, ano da edi\u00e7\u00e3o. (Indica\u00e7\u00e3o do ano em que o original foi publicado ou proferido, no caso de obra cl\u00e1ssica).<\/p>\r\n\r\n<p>&nbsp;<\/p>\r\n\r\n<p style=\"text-align: justify;\">Exemplos:<\/p>\r\n\r\n<p>&nbsp;<\/p>\r\n\r\n<p style=\"text-align: justify;\">LACAN, J.\u00a0<em>O Semin\u00e1rio,\u00a0<\/em><em>livro 5<\/em>: As forma\u00e7\u00f5es do inconsciente. Tradu\u00e7\u00e3o de Vera Ribeiro. Rio de Janeiro: Jorge Zahar Ed., 1999. (Trabalho original proferido em 1957-58).<\/p>\r\n\r\n<p>&nbsp;<\/p>\r\n\r\n<p style=\"text-align: justify;\">NAVEAU, P.\u00a0<em>O que do encontro se escreve<\/em>: estudos lacanianos. Belo Horizonte: EBP Editora, 2017.<\/p>\r\n\r\n<p>&nbsp;<\/p>\r\n\r\n<p style=\"text-align: justify;\"><strong>At\u00e9 tr\u00eas autores:<\/strong><\/p>\r\n\r\n<p>&nbsp;<\/p>\r\n\r\n<p style=\"text-align: justify;\">Sobrenome em caixa alta, iniciais do autor; Sobrenome em caixa alta, iniciais do autor; Sobrenome em caixa alta, iniciais do autor. T\u00edtulo em it\u00e1lico: subt\u00edtulo (se houver). Indica\u00e7\u00e3o de tradutor (se houver). Cidade: Editora, ano da edi\u00e7\u00e3o. (Indica\u00e7\u00e3o do ano em que o original foi publicado ou proferido, no caso de obra cl\u00e1ssica).<\/p>\r\n\r\n<p>&nbsp;<\/p>\r\n\r\n<p style=\"text-align: justify;\">Exemplo:<\/p>\r\n\r\n<p>&nbsp;<\/p>\r\n\r\n<p style=\"text-align: justify;\">SANTOS, T. C; MARTELLO, A; SANTIAGO, J. (Orgs.).\u00a0<em>Os corpos falantes e a normatividade do supersocial<\/em>. Rio de Janeiro, Companhia de Freud\/FAPERJ, 2014.<\/p>\r\n\r\n<p>&nbsp;<\/p>\r\n\r\n<p style=\"text-align: justify;\"><strong>Mais de tr\u00eas autores:<\/strong><\/p>\r\n\r\n<p>&nbsp;<\/p>\r\n\r\n<p style=\"text-align: justify;\">Sobrenome do primeiro autor em caixa alta, iniciais do autor, seguido de et al. T\u00edtulo em it\u00e1lico: subt\u00edtulo (se houver). Indica\u00e7\u00e3o de tradutor (se houver). Cidade: Editora, ano da edi\u00e7\u00e3o. (Indica\u00e7\u00e3o do ano em que o original foi publicado ou proferido, no caso de obra cl\u00e1ssica).<\/p>\r\n\r\n<p>&nbsp;<\/p>\r\n\r\n<p style=\"text-align: justify;\">Exemplo:<\/p>\r\n\r\n<p>&nbsp;<\/p>\r\n\r\n<p style=\"text-align: justify;\">MILLER, J.-A. et al.\u00a0<em>Los inclasificables de la cl\u00ednica psicoanal\u00edtica<\/em>. Buenos Aires: Paid\u00f3s, 2015.<\/p>\r\n\r\n<p>&nbsp;<\/p>\r\n\r\n<p style=\"text-align: justify;\"><strong>Partes de obras<\/strong><\/p>\r\n\r\n<p>&nbsp;<\/p>\r\n\r\n<p style=\"text-align: justify;\"><strong>Mesmo autor do cap\u00edtulo e livro:<\/strong><\/p>\r\n\r\n<p>&nbsp;<\/p>\r\n\r\n<p style=\"text-align: justify;\">Sobrenome em caixa alta, iniciais do autor. T\u00edtulo do cap\u00edtulo. In: T\u00edtulo do livro em it\u00e1lico: subt\u00edtulo (se houver). Indica\u00e7\u00e3o de tradutor (se houver). Cidade: Editora, ano da edi\u00e7\u00e3o, p\u00e1ginas do cap\u00edtulo. (Indica\u00e7\u00e3o do ano em que o original foi publicado ou proferido, no caso de obra cl\u00e1ssica).<\/p>\r\n\r\n<p>&nbsp;<\/p>\r\n\r\n<p style=\"text-align: justify;\">Exemplos:<\/p>\r\n\r\n<p>&nbsp;<\/p>\r\n\r\n<p style=\"text-align: justify;\">FREUD, S. O recalque. In:\u00a0<em>Edi\u00e7\u00e3o Standard das Obras Completas de Sigmund Freud<\/em>. Rio de Janeiro: Imago, Vol. I, 2004, p. 175-193. (Trabalho original publicado em 1915).<\/p>\r\n\r\n<p>&nbsp;<\/p>\r\n\r\n<p style=\"text-align: justify;\">LACAN, J. O est\u00e1dio do espelho como formador da fun\u00e7\u00e3o do eu. In:\u00a0<em>Escritos<\/em>. Tradu\u00e7\u00e3o de Vera Ribeiro. Rio de Janeiro: Jorge Zahar Ed., 1998, p. 96-103. (Trabalho original proferido em 1949).<\/p>\r\n\r\n<p>&nbsp;<\/p>\r\n\r\n<p style=\"text-align: justify;\"><strong>\u00a0<\/strong><strong>Autor do cap\u00edtulo diferente do autor do livro:<\/strong><\/p>\r\n\r\n<p>&nbsp;<\/p>\r\n\r\n<p style=\"text-align: justify;\">Sobrenome em caixa alta, iniciais do autor. T\u00edtulo do cap\u00edtulo. In: Sobrenome em caixa alta, iniciais do autor. T\u00edtulo do livro em it\u00e1lico: subt\u00edtulo (se houver). Indica\u00e7\u00e3o de tradutor (se houver). Cidade: Editora, ano da edi\u00e7\u00e3o, p\u00e1ginas do cap\u00edtulo. (Indica\u00e7\u00e3o do ano em que o original foi publicado ou proferido, no caso de obra cl\u00e1ssica).<\/p>\r\n\r\n<p>&nbsp;<\/p>\r\n\r\n<p style=\"text-align: justify;\">Exemplos:<\/p>\r\n\r\n<p>&nbsp;<\/p>\r\n\r\n<p style=\"text-align: justify;\">LAURENT, \u00c9. O sujeito da ci\u00eancia e a distin\u00e7\u00e3o feminina. In: SANTOS, T. C; MARTELLO, A; SANTIAGO, J. (Orgs.).\u00a0<em>Os corpos falantes e a normatividade do supersocial<\/em>. Rio de Janeiro: Companhia de Freud\/FAPERJ, 2014, p. 137-170.<\/p>\r\n\r\n<p>&nbsp;<\/p>\r\n\r\n<p style=\"text-align: justify;\">MILLER, J.-A. Teoria de lal\u00edngua. In: LACAN, J.; MILLER, J.-A.\u00a0<em>A terceira\/ Teoria de lal\u00edngua.\u00a0<\/em>Rio de Janeiro: Zahar, 2022, p. 75-109. (Trabalho original proferido em 1974).<\/p>\r\n\r\n<p>&nbsp;<\/p>\r\n\r\n<p style=\"text-align: justify;\"><strong>\u00a0<\/strong><strong>Artigo em peri\u00f3dico:<\/strong><\/p>\r\n\r\n<p>&nbsp;<\/p>\r\n\r\n<p style=\"text-align: justify;\">Sobrenome em caixa alta, iniciais do autor. T\u00edtulo do artigo. Nome da revista em it\u00e1lico, cidade, n\u00famero, volume (se houver), n\u00famero, p\u00e1gina inicial e final, m\u00eas e ano.<\/p>\r\n\r\n<p>&nbsp;<\/p>\r\n\r\n<p style=\"text-align: justify;\">Exemplo:<\/p>\r\n\r\n<p>&nbsp;<\/p>\r\n\r\n<p style=\"text-align: justify;\">MILLER, J.-A. O rouxinol de Lacan: a arte do diagn\u00f3stico.\u00a0<em>Curinga<\/em>, Belo Horizonte, n. 23, p. 15-33, nov. 2006.<\/p>\r\n\r\n<p>&nbsp;<\/p>\r\n\r\n<p style=\"text-align: justify;\"><strong>\u00a0O<\/strong><strong>bra completa ou parte de obra em meio eletr\u00f4nico<\/strong><\/p>\r\n\r\n<p>&nbsp;<\/p>\r\n\r\n<p style=\"text-align: justify;\">Seguir a normaliza\u00e7\u00e3o espec\u00edfica para cada caso apresentado em 6.1. e 6.2., seguido de: Dispon\u00edvel em: endere\u00e7oURL. Acesso em: dia m\u00eas abreviado ano.<\/p>\r\n\r\n<p>&nbsp;<\/p>\r\n\r\n<p style=\"text-align: justify;\">Exemplo:<\/p>\r\n\r\n<p>&nbsp;<\/p>\r\n\r\n<p style=\"text-align: justify;\">LAURENT, \u00c9. A interpreta\u00e7\u00e3o ordin\u00e1ria.\u00a0<em>Arteira<\/em>, Florian\u00f3polis, n. 9, p.11-26, out. 2017. Dispon\u00edvel em:\u00a0<a href=\"http:\/\/revistaarteira.com.br\/images\/pdf\/Arteira-9.pdf\">http:\/\/revistaarteira.com.br\/images\/pdf\/Arteira-9.pdf<\/a>. Acesso em: 10 jul. 2021.<\/p>\r\n\r\n<p>&nbsp;<\/p>\r\n\r\n<p style=\"text-align: justify;\"><strong>\u00a0<\/strong><strong>Textos n\u00e3o publicados\/ in\u00e9ditos<\/strong><\/p>\r\n\r\n<p>&nbsp;<\/p>\r\n\r\n<p style=\"text-align: justify;\">Sobrenome em caixa alta, iniciais do autor. T\u00edtulo em it\u00e1lico: subt\u00edtulo (se houver). Ano. (In\u00e9dito).<\/p>\r\n\r\n<p>&nbsp;<\/p>\r\n\r\n<p style=\"text-align: justify;\">Exemplo:<\/p>\r\n\r\n<p>&nbsp;<\/p>\r\n\r\n<p style=\"text-align: justify;\">LACAN, J.\u00a0<em>Le S\u00e9minaire, livre XXI<\/em>: Les non-dupes errent. 1973-74. (In\u00e9dito).<\/p>\r\n<p>[\/vc_column_text][\/vc_column][\/vc_row]<\/p><\/div>","protected":false},"excerpt":{"rendered":"<p>[vc_row bg_type=&#8221;image&#8221; parallax_style=&#8221;vcpb-vz-jquery&#8221; bg_image_new=&#8221;id^58475|url^https:\/\/institutopsicanalise-mg.com.br\/revista_almanaque\/wp-content\/uploads\/2025\/12\/letter_texture007.png|caption^null|alt^null|title^letter_texture007|description^null&#8221; bg_image_repeat=&#8221;no-repeat&#8221; bg_override=&#8221;full&#8221; enable_overlay=&#8221;enable_overlay_value&#8221; overlay_color=&#8221;#FFFFFF00&#8243; overlay_pattern=&#8221;transperant&#8221; overlay_pattern_opacity=&#8221;25&#8243; type=&#8221;vc_default&#8221; margin_top=&#8221;-50&#8243; css=&#8221;.vc_custom_1765705632415{margin-top: -80px !important;padding-top: 8% !important;padding-bottom: 8% !important;background-color: #000000 !important;}&#8221;][vc_column offset=&#8221;vc_col-lg-12 vc_col-md-12&#8243; css=&#8221;.vc_custom_1476030031960{padding-bottom: 10px !important;}&#8221;][\/vc_column][\/vc_row][vc_row][vc_column][vc_column_text] ISSN 1982-5617 &nbsp; &nbsp; A revista\u00a0Almanaque\u00a0On-line\u00a0\u00e9 uma publica\u00e7\u00e3o do Instituto de Psican\u00e1lise e Sa\u00fade Mental de Minas Gerais (IPSM-MG). Publicamos artigos nacionais e estrangeiros, tais como: relatos de pesquisa&hellip;<\/p>\n","protected":false},"author":1,"featured_media":0,"parent":0,"menu_order":0,"comment_status":"closed","ping_status":"closed","template":"","meta":{"footnotes":""},"class_list":["post-58246","page","type-page","status-publish","hentry","description-off"],"_links":{"self":[{"href":"https:\/\/institutopsicanalise-mg.com.br\/revista_almanaque\/index.php\/wp-json\/wp\/v2\/pages\/58246","targetHints":{"allow":["GET"]}}],"collection":[{"href":"https:\/\/institutopsicanalise-mg.com.br\/revista_almanaque\/index.php\/wp-json\/wp\/v2\/pages"}],"about":[{"href":"https:\/\/institutopsicanalise-mg.com.br\/revista_almanaque\/index.php\/wp-json\/wp\/v2\/types\/page"}],"author":[{"embeddable":true,"href":"https:\/\/institutopsicanalise-mg.com.br\/revista_almanaque\/index.php\/wp-json\/wp\/v2\/users\/1"}],"replies":[{"embeddable":true,"href":"https:\/\/institutopsicanalise-mg.com.br\/revista_almanaque\/index.php\/wp-json\/wp\/v2\/comments?post=58246"}],"version-history":[{"count":12,"href":"https:\/\/institutopsicanalise-mg.com.br\/revista_almanaque\/index.php\/wp-json\/wp\/v2\/pages\/58246\/revisions"}],"predecessor-version":[{"id":58476,"href":"https:\/\/institutopsicanalise-mg.com.br\/revista_almanaque\/index.php\/wp-json\/wp\/v2\/pages\/58246\/revisions\/58476"}],"wp:attachment":[{"href":"https:\/\/institutopsicanalise-mg.com.br\/revista_almanaque\/index.php\/wp-json\/wp\/v2\/media?parent=58246"}],"curies":[{"name":"wp","href":"https:\/\/api.w.org\/{rel}","templated":true}]}}